{"id":3,"date":"2024-05-22T10:36:29","date_gmt":"2024-05-22T08:36:29","guid":{"rendered":"http:\/\/chassis-alu-ciney.be\/?page_id=3"},"modified":"2024-05-29T16:20:05","modified_gmt":"2024-05-29T14:20:05","slug":"tendancealu","status":"publish","type":"page","link":"https:\/\/chassis-alu-ciney.be\/?page_id=3","title":{"rendered":"Mentions l\u00e9gales"},"content":{"rendered":"\n<h3 class=\"wp-block-heading\">QUI SOMMES-NOUS ?<\/h3>\n\n\n\n<p>chassis-alu-ciney.be est un site cr\u00e9\u00e9 et g\u00e9r\u00e9 par la soci\u00e9t\u00e9 <strong>Tendance Alu<\/strong>, laquelle est enregistr\u00e9e sous le num\u00e9ro d&#8217;entreprise BCE 0749.594.521. Elle a son si\u00e8ge social \u00e0 Lienne 8 &#8211; 5590 Ciney (Belgique).<\/p>\n\n\n\n<p>Elle peut-\u00eatre contact\u00e9e par courrier ordinaire \u00e0 l\u2019adresse ci-avant, ou par courriel \u00e0 : info@tendancealu.be<\/p>\n\n\n\n<p>L\u2019int\u00e9gralit\u00e9 du site et de son contenu sont la propri\u00e9t\u00e9 exclusive de TendanceAlu, menuiserie sp\u00e9cialis\u00e9e en <strong>Ch\u00e2ssis Aluminium \u00e0 Ciney.<\/strong> Toute reproduction, utilisation ou exploitation du contenu du site est strictement interdite sans un accord pr\u00e9alable et \u00e9crit. TendanceAlu a obtenu de leurs clients, partenaires et fournisseurs le droit d\u2019utiliser les photos de leurs produits dans le cadre de la vente de ceux-ci, ainsi que sur son blog, sa page Facebook et tous les moyens de communication. Aucune utilisation de ces documents ne peut \u00eatre faite sans l\u2019accord de TendanceBois, TendanceAlu et des fournisseurs concern\u00e9s.<\/p>\n\n\n\n<h3 class=\"wp-block-heading\">COOKIES ET DONN\u00c9ES PERSONNELLES<\/h3>\n\n\n\n<p>Pour am\u00e9liorer et faciliter la navigation des utilisateurs, le site tendancebois.be utilise des cookies afin de collecter les informations des utilisateurs. Les cookies sont des fichiers stock\u00e9s sur l\u2019ordinateur de l\u2019utilisateur permettant de faire le lien avec une pr\u00e9c\u00e9dente visite sur le site. Cela permet de faciliter sa navigation et l\u2019acc\u00e8s aux informations pr\u00e9c\u00e9demment laiss\u00e9es sur le site. L\u2019utilisateur est inform\u00e9 de l\u2019utilisation des cookies d\u00e8s son arriv\u00e9e sur le site et peut d\u00e9cider de ne pas continuer la navigation. Cependant, en continuant la navigation sur le site, il marque express\u00e9ment son accord sur l\u2019utilisation des dits cookies. Les donn\u00e9es personnelles des utilisateurs du site sont stock\u00e9es \u00e0 des fins de facilitation de la navigation sur le site. Seules les donn\u00e9es des personnes ayant express\u00e9ment marqu\u00e9 leur accord pour recevoir des informations \u00e0 titre commerciales seront utilis\u00e9es \u00e0 des fins de marketing direct. Toutes ces donn\u00e9es seront trait\u00e9es conform\u00e9ment aux dispositions de la loi du 8 d\u00e9cembre 1992 relative \u00e0 la protection de la vie priv\u00e9e. L\u2019utilisateur a le droit de rectification et de suppression de ses donn\u00e9es, \u00e0 tout moment et sans frais. Il lui suffira de le mentionner par mail (info@tendancebois.be) ou par \u00e9crit aupr\u00e8s de TendanceAlu &#8211; Lienne 8 &#8211; 5590 Ciney (Belgique).<\/p>\n\n\n\n<h3 class=\"wp-block-heading\">LITIGES<\/h3>\n\n\n\n<p>En cas de litige, vous \u00eates l\u00e9galement autoris\u00e9 \u00e0 opter pour un r\u00e8glement des conflits \u00e0 l\u2019amiable, via un organisme agr\u00e9\u00e9. Pour la Belgique, l\u2019organisme de m\u00e9diation est le Service de M\u00e9diation pour le Consommateur (http:\/\/www.mediationconsommateur.be). Pour les autres clients europ\u00e9ens domicili\u00e9s en dehors de la Belgique, vous pouvez obtenir les coordonn\u00e9es des organismes comp\u00e9tents sur la plateforme europ\u00e9enne de r\u00e8glement en ligne des litiges: https:\/\/webgate.ec.europa.eu\/odr Conception et direction artistique du site : Raspberry Agency (Eve-Amandine LELOUP) H\u00e9bergement : OVH<\/p>\n","protected":false},"excerpt":{"rendered":"<p>QUI SOMMES-NOUS ? chassis-alu-ciney.be est un site cr\u00e9\u00e9 et g\u00e9r\u00e9 par la soci\u00e9t\u00e9 Tendance Alu, laquelle est enregistr\u00e9e sous le num\u00e9ro d&#8217;entreprise BCE 0749.594.521. Elle a son si\u00e8ge social \u00e0 Lienne 8 &#8211; 5590 Ciney (Belgique). Elle peut-\u00eatre contact\u00e9e par courrier ordinaire \u00e0 l\u2019adresse ci-avant, ou par courriel \u00e0 : info@tendancealu.be L\u2019int\u00e9gralit\u00e9 du site et [&hellip;]<\/p>\n","protected":false},"author":1,"featured_media":0,"parent":0,"menu_order":0,"comment_status":"closed","ping_status":"open","template":"","meta":{"footnotes":""},"class_list":["post-3","page","type-page","status-publish","hentry"],"yoast_head":"<!-- This site is optimized with the Yoast SEO plugin v22.8 - https:\/\/yoast.com\/wordpress\/plugins\/seo\/ -->\n<title>Mentions l\u00e9gales -<\/title>\n<meta name=\"description\" content=\"Mentions l\u00e9gales - TendanceAlu - Menuiserie Ciney\" \/>\n<meta name=\"robots\" content=\"index, follow, max-snippet:-1, max-image-preview:large, max-video-preview:-1\" \/>\n<link rel=\"canonical\" href=\"https:\/\/chassis-alu-ciney.be\/?page_id=3\" \/>\n<meta property=\"og:locale\" content=\"en_US\" \/>\n<meta property=\"og:type\" content=\"article\" \/>\n<meta property=\"og:title\" content=\"Mentions l\u00e9gales -\" \/>\n<meta property=\"og:description\" content=\"Mentions l\u00e9gales - TendanceAlu - Menuiserie Ciney\" \/>\n<meta property=\"og:url\" content=\"https:\/\/chassis-alu-ciney.be\/?page_id=3\" \/>\n<meta property=\"article:modified_time\" content=\"2024-05-29T14:20:05+00:00\" \/>\n<meta name=\"twitter:card\" content=\"summary_large_image\" \/>\n<meta name=\"twitter:label1\" content=\"Est. reading time\" \/>\n\t<meta name=\"twitter:data1\" content=\"3 minutes\" \/>\n<script type=\"application\/ld+json\" class=\"yoast-schema-graph\">{\"@context\":\"https:\/\/schema.org\",\"@graph\":[{\"@type\":\"WebPage\",\"@id\":\"https:\/\/chassis-alu-ciney.be\/?page_id=3\",\"url\":\"https:\/\/chassis-alu-ciney.be\/?page_id=3\",\"name\":\"Mentions l\u00e9gales -\",\"isPartOf\":{\"@id\":\"https:\/\/chassis-alu-ciney.be\/#website\"},\"datePublished\":\"2024-05-22T08:36:29+00:00\",\"dateModified\":\"2024-05-29T14:20:05+00:00\",\"description\":\"Mentions l\u00e9gales - TendanceAlu - Menuiserie Ciney\",\"breadcrumb\":{\"@id\":\"https:\/\/chassis-alu-ciney.be\/?page_id=3#breadcrumb\"},\"inLanguage\":\"en-US\",\"potentialAction\":[{\"@type\":\"ReadAction\",\"target\":[\"https:\/\/chassis-alu-ciney.be\/?page_id=3\"]}]},{\"@type\":\"BreadcrumbList\",\"@id\":\"https:\/\/chassis-alu-ciney.be\/?page_id=3#breadcrumb\",\"itemListElement\":[{\"@type\":\"ListItem\",\"position\":1,\"name\":\"Accueil\",\"item\":\"https:\/\/chassis-alu-ciney.be\/\"},{\"@type\":\"ListItem\",\"position\":2,\"name\":\"Mentions l\u00e9gales\"}]},{\"@type\":\"WebSite\",\"@id\":\"https:\/\/chassis-alu-ciney.be\/#website\",\"url\":\"https:\/\/chassis-alu-ciney.be\/\",\"name\":\"\",\"description\":\"\",\"potentialAction\":[{\"@type\":\"SearchAction\",\"target\":{\"@type\":\"EntryPoint\",\"urlTemplate\":\"https:\/\/chassis-alu-ciney.be\/?s={search_term_string}\"},\"query-input\":\"required name=search_term_string\"}],\"inLanguage\":\"en-US\"}]}<\/script>\n<!-- \/ Yoast SEO plugin. -->","yoast_head_json":{"title":"Mentions l\u00e9gales -","description":"Mentions l\u00e9gales - TendanceAlu - Menuiserie Ciney","robots":{"index":"index","follow":"follow","max-snippet":"max-snippet:-1","max-image-preview":"max-image-preview:large","max-video-preview":"max-video-preview:-1"},"canonical":"https:\/\/chassis-alu-ciney.be\/?page_id=3","og_locale":"en_US","og_type":"article","og_title":"Mentions l\u00e9gales -","og_description":"Mentions l\u00e9gales - TendanceAlu - Menuiserie Ciney","og_url":"https:\/\/chassis-alu-ciney.be\/?page_id=3","article_modified_time":"2024-05-29T14:20:05+00:00","twitter_card":"summary_large_image","twitter_misc":{"Est. reading time":"3 minutes"},"schema":{"@context":"https:\/\/schema.org","@graph":[{"@type":"WebPage","@id":"https:\/\/chassis-alu-ciney.be\/?page_id=3","url":"https:\/\/chassis-alu-ciney.be\/?page_id=3","name":"Mentions l\u00e9gales -","isPartOf":{"@id":"https:\/\/chassis-alu-ciney.be\/#website"},"datePublished":"2024-05-22T08:36:29+00:00","dateModified":"2024-05-29T14:20:05+00:00","description":"Mentions l\u00e9gales - TendanceAlu - Menuiserie Ciney","breadcrumb":{"@id":"https:\/\/chassis-alu-ciney.be\/?page_id=3#breadcrumb"},"inLanguage":"en-US","potentialAction":[{"@type":"ReadAction","target":["https:\/\/chassis-alu-ciney.be\/?page_id=3"]}]},{"@type":"BreadcrumbList","@id":"https:\/\/chassis-alu-ciney.be\/?page_id=3#breadcrumb","itemListElement":[{"@type":"ListItem","position":1,"name":"Accueil","item":"https:\/\/chassis-alu-ciney.be\/"},{"@type":"ListItem","position":2,"name":"Mentions l\u00e9gales"}]},{"@type":"WebSite","@id":"https:\/\/chassis-alu-ciney.be\/#website","url":"https:\/\/chassis-alu-ciney.be\/","name":"","description":"","potentialAction":[{"@type":"SearchAction","target":{"@type":"EntryPoint","urlTemplate":"https:\/\/chassis-alu-ciney.be\/?s={search_term_string}"},"query-input":"required name=search_term_string"}],"inLanguage":"en-US"}]}},"_links":{"self":[{"href":"https:\/\/chassis-alu-ciney.be\/index.php?rest_route=\/wp\/v2\/pages\/3","targetHints":{"allow":["GET"]}}],"collection":[{"href":"https:\/\/chassis-alu-ciney.be\/index.php?rest_route=\/wp\/v2\/pages"}],"about":[{"href":"https:\/\/chassis-alu-ciney.be\/index.php?rest_route=\/wp\/v2\/types\/page"}],"author":[{"embeddable":true,"href":"https:\/\/chassis-alu-ciney.be\/index.php?rest_route=\/wp\/v2\/users\/1"}],"replies":[{"embeddable":true,"href":"https:\/\/chassis-alu-ciney.be\/index.php?rest_route=%2Fwp%2Fv2%2Fcomments&post=3"}],"version-history":[{"count":2,"href":"https:\/\/chassis-alu-ciney.be\/index.php?rest_route=\/wp\/v2\/pages\/3\/revisions"}],"predecessor-version":[{"id":94,"href":"https:\/\/chassis-alu-ciney.be\/index.php?rest_route=\/wp\/v2\/pages\/3\/revisions\/94"}],"wp:attachment":[{"href":"https:\/\/chassis-alu-ciney.be\/index.php?rest_route=%2Fwp%2Fv2%2Fmedia&parent=3"}],"curies":[{"name":"wp","href":"https:\/\/api.w.org\/{rel}","templated":true}]}}